{"id":64,"date":"2022-07-09T22:52:27","date_gmt":"2022-07-09T22:52:27","guid":{"rendered":"https:\/\/guillermomelais.com\/?page_id=64"},"modified":"2023-03-13T07:27:58","modified_gmt":"2023-03-13T07:27:58","slug":"sobre-nosotros","status":"publish","type":"page","link":"https:\/\/guillermomelais.com\/index.php\/sobre-nosotros\/","title":{"rendered":"Sobre mi"},"content":{"rendered":"\t\t<div data-elementor-type=\"wp-page\" data-elementor-id=\"64\" class=\"elementor elementor-64\">\n\t\t\t\t\t\t<section class=\"elementor-section elementor-top-section elementor-element elementor-element-012e573 elementor-section-boxed elementor-section-height-default elementor-section-height-default\" data-id=\"012e573\" data-element_type=\"section\" data-e-type=\"section\">\n\t\t\t\t\t\t<div class=\"elementor-container elementor-column-gap-default\">\n\t\t\t\t\t<div class=\"elementor-column elementor-col-33 elementor-top-column elementor-element elementor-element-95aff40\" data-id=\"95aff40\" data-element_type=\"column\" data-e-type=\"column\">\n\t\t\t<div class=\"elementor-widget-wrap elementor-element-populated\">\n\t\t\t\t\t\t<div class=\"elementor-element elementor-element-9ee6783 elementor-widget elementor-widget-image\" data-id=\"9ee6783\" data-element_type=\"widget\" data-e-type=\"widget\" data-widget_type=\"image.default\">\n\t\t\t\t<div class=\"elementor-widget-container\">\n\t\t\t\t\t\t\t\t\t\t\t\t\t\t\t<img fetchpriority=\"high\" decoding=\"async\" width=\"366\" height=\"549\" src=\"https:\/\/guillermomelais.com\/wp-content\/uploads\/2023\/03\/np_Young-woman-sitting-on-her-couch-working-on-laptop_0LLYr0_free.jpg\" class=\"attachment-medium_large size-medium_large wp-image-252\" alt=\"\" srcset=\"https:\/\/guillermomelais.com\/wp-content\/uploads\/2023\/03\/np_Young-woman-sitting-on-her-couch-working-on-laptop_0LLYr0_free.jpg 366w, https:\/\/guillermomelais.com\/wp-content\/uploads\/2023\/03\/np_Young-woman-sitting-on-her-couch-working-on-laptop_0LLYr0_free-200x300.jpg 200w\" sizes=\"(max-width: 366px) 100vw, 366px\" \/>\t\t\t\t\t\t\t\t\t\t\t\t\t\t\t<\/div>\n\t\t\t\t<\/div>\n\t\t\t\t\t<\/div>\n\t\t<\/div>\n\t\t\t\t<div class=\"elementor-column elementor-col-66 elementor-top-column elementor-element elementor-element-4121a5a\" data-id=\"4121a5a\" data-element_type=\"column\" data-e-type=\"column\">\n\t\t\t<div class=\"elementor-widget-wrap elementor-element-populated\">\n\t\t\t\t\t\t<div class=\"elementor-element elementor-element-ea682b6 elementor-widget elementor-widget-heading\" data-id=\"ea682b6\" data-element_type=\"widget\" data-e-type=\"widget\" data-widget_type=\"heading.default\">\n\t\t\t\t<div class=\"elementor-widget-container\">\n\t\t\t\t\t<h4 class=\"elementor-heading-title elementor-size-default\">Un poco sobre mi<\/h4>\t\t\t\t<\/div>\n\t\t\t\t<\/div>\n\t\t\t\t<div class=\"elementor-element elementor-element-f09d643 elementor-widget elementor-widget-text-editor\" data-id=\"f09d643\" data-element_type=\"widget\" data-e-type=\"widget\" data-widget_type=\"text-editor.default\">\n\t\t\t\t<div class=\"elementor-widget-container\">\n\t\t\t\t\t\t\t\t\t<p>Aqu\u00ed les dejo una peque\u00f1a biograf\u00eda de mi vida profesional.<\/p><p>Nac\u00ed, crec\u00ed y estudi\u00e9 en Panam\u00e1.\u00a0<\/p><p>En 2006 me gradu\u00e9 de licenciatura en ingenier\u00eda civil, aunque tres a\u00f1os antes ya hab\u00eda iniciado en el mundo laboral como asistente en una obra de construcci\u00f3n y poco a poco fui ascendiendo despu\u00e9s de haberme graduado.<\/p><p>En 2012 entr\u00e9 una maestr\u00eda en gerencia de proyectos y obtuve mi diploma en 2013.\u00a0 Mirando en retrospectiva, aqu\u00ed es donde todo empieza.<\/p><p>Ese a\u00f1o tambi\u00e9n decido independizarme y tener mi propia empresa, aunque la verdad es que tuve varios negocios: alquiler de estacionamientos, tienda de v\u00edveres, alquiler de veh\u00edculos de transporte, alquiler de equipo pesado de construcci\u00f3n, y tal vez alguno otro que ya ni recuerdo. Descubr\u00ed que me encantan los negocios, pero sobre todo los retos.<\/p><p>Me enfoco en la b\u00fasqueda de un mecanismo que nos permitiera a m\u00ed y a mi equipo poder operar diariamente desde cualquier lugar, sin necesidad de estar en la oficina (teletrabajo), y que en consecuencia nos ayudara a mejorar la productividad, reducir los tiempos de trabajo, que los documentos se pudieran digitalizar para tener mejor acceso a ellos y disminuir el uso de papel entre otros motivos que en ese momento no lo ten\u00eda claro, pero sab\u00eda que ser\u00eda muy positivo en todos los sentidos.<\/p><p>Hacia finales de 2019 e inicios de 2020, como el t\u00edpico emprendedor, busco nuevos retos que me ayuden a seguir creciendo como persona y como profesional, y entro en el mundo de los seguros (mi mam\u00e1 trabaj\u00f3 toda su vida en esta industria y mi pap\u00e1 es corredor de seguros), mientras sigo aprendiendo sobre herramientas digitales.<\/p><p>Tambi\u00e9n llega la pandemia y nace mi hija. Estos dos factores crean un cambio importante en mis planes de vida, y viendo que se abr\u00eda el comp\u00e1s del trabajo virtual, y que las aseguradoras ya hab\u00edan iniciado el proceso de transformaci\u00f3n digital, sin dudarlo puse todos mis esfuerzos en aprender sobre seguros, y trabajar de forma remota.<\/p><p>Con la cuarentena segu\u00ed mejorando mis habilidades en el uso y aprovechamiento de herramientas digitales.\u00a0 Tom\u00e9 cursos de p\u00e1ginas web, apps, MS Excel avanzado, conoc\u00ed herramientas como MS Query, MS365, Power Platform, entre otros.<\/p><p>Desde 2021 estoy administrando la cartera de clientes de mi pap\u00e1, tambi\u00e9n obtuve mi licencia de corredor de seguros, la cual decid\u00ed tomar para entender mejor el negocio y gestionarlo de la mejor forma posible.<\/p><p>En 2022 inici\u00e9 las gestiones para hacer el examen de certificaci\u00f3n del Project Management Institute y hacia finales de 2022, con mi esposa a hija inici\u00e9 otra aventura, migrar a Canad\u00e1.\u00a0 <span style=\"font-size: 16px;\">Y aqu\u00ed estoy, cumpliendo cada uno de mis sue\u00f1os y planes.\u00a0 En este nuevo camino espero poder conectar con empresas en las que mi perfil encaje con sus necesidades y podamos crecer y aprender juntos.<\/span><\/p>\t\t\t\t\t\t\t\t<\/div>\n\t\t\t\t<\/div>\n\t\t\t\t\t<\/div>\n\t\t<\/div>\n\t\t\t\t\t<\/div>\n\t\t<\/section>\n\t\t\t\t<\/div>\n\t\t","protected":false},"excerpt":{"rendered":"<p>Un poco sobre mi Aqu\u00ed les dejo una peque\u00f1a biograf\u00eda de mi vida profesional. Nac\u00ed, crec\u00ed y estudi\u00e9 en Panam\u00e1.\u00a0 En 2006 me gradu\u00e9 de licenciatura en ingenier\u00eda civil, aunque tres a\u00f1os antes ya hab\u00eda iniciado en el mundo laboral como asistente en una obra de construcci\u00f3n y poco a poco fui ascendiendo despu\u00e9s de [&hellip;]<\/p>\n","protected":false},"author":1,"featured_media":0,"parent":0,"menu_order":0,"comment_status":"closed","ping_status":"closed","template":"","meta":{"site-sidebar-layout":"no-sidebar","site-content-layout":"page-builder","ast-site-content-layout":"default","site-content-style":"default","site-sidebar-style":"default","ast-global-header-display":"","ast-banner-title-visibility":"","ast-main-header-display":"","ast-hfb-above-header-display":"","ast-hfb-below-header-display":"","ast-hfb-mobile-header-display":"","site-post-title":"disabled","ast-breadcrumbs-content":"","ast-featured-img":"disabled","footer-sml-layout":"","theme-transparent-header-meta":"","adv-header-id-meta":"","stick-header-meta":"","header-above-stick-meta":"","header-main-stick-meta":"","header-below-stick-meta":"","astra-migrate-meta-layouts":"default","ast-page-background-enabled":"default","ast-page-background-meta":{"desktop":{"background-color":"var(--ast-global-color-4)","background-image":"","background-repeat":"repeat","background-position":"center center","background-size":"auto","background-attachment":"scroll","background-type":"","background-media":"","overlay-type":"","overlay-color":"","overlay-opacity":"","overlay-gradient":""},"tablet":{"background-color":"","background-image":"","background-repeat":"repeat","background-position":"center center","background-size":"auto","background-attachment":"scroll","background-type":"","background-media":"","overlay-type":"","overlay-color":"","overlay-opacity":"","overlay-gradient":""},"mobile":{"background-color":"","background-image":"","background-repeat":"repeat","background-position":"center center","background-size":"auto","background-attachment":"scroll","background-type":"","background-media":"","overlay-type":"","overlay-color":"","overlay-opacity":"","overlay-gradient":""}},"ast-content-background-meta":{"desktop":{"background-color":"var(--ast-global-color-5)","background-image":"","background-repeat":"repeat","background-position":"center center","background-size":"auto","background-attachment":"scroll","background-type":"","background-media":"","overlay-type":"","overlay-color":"","overlay-opacity":"","overlay-gradient":""},"tablet":{"background-color":"var(--ast-global-color-5)","background-image":"","background-repeat":"repeat","background-position":"center center","background-size":"auto","background-attachment":"scroll","background-type":"","background-media":"","overlay-type":"","overlay-color":"","overlay-opacity":"","overlay-gradient":""},"mobile":{"background-color":"var(--ast-global-color-5)","background-image":"","background-repeat":"repeat","background-position":"center center","background-size":"auto","background-attachment":"scroll","background-type":"","background-media":"","overlay-type":"","overlay-color":"","overlay-opacity":"","overlay-gradient":""}},"footnotes":""},"class_list":["post-64","page","type-page","status-publish","hentry"],"_links":{"self":[{"href":"https:\/\/guillermomelais.com\/index.php\/wp-json\/wp\/v2\/pages\/64","targetHints":{"allow":["GET"]}}],"collection":[{"href":"https:\/\/guillermomelais.com\/index.php\/wp-json\/wp\/v2\/pages"}],"about":[{"href":"https:\/\/guillermomelais.com\/index.php\/wp-json\/wp\/v2\/types\/page"}],"author":[{"embeddable":true,"href":"https:\/\/guillermomelais.com\/index.php\/wp-json\/wp\/v2\/users\/1"}],"replies":[{"embeddable":true,"href":"https:\/\/guillermomelais.com\/index.php\/wp-json\/wp\/v2\/comments?post=64"}],"version-history":[{"count":17,"href":"https:\/\/guillermomelais.com\/index.php\/wp-json\/wp\/v2\/pages\/64\/revisions"}],"predecessor-version":[{"id":259,"href":"https:\/\/guillermomelais.com\/index.php\/wp-json\/wp\/v2\/pages\/64\/revisions\/259"}],"wp:attachment":[{"href":"https:\/\/guillermomelais.com\/index.php\/wp-json\/wp\/v2\/media?parent=64"}],"curies":[{"name":"wp","href":"https:\/\/api.w.org\/{rel}","templated":true}]}}